 z?
5
Suppose -2*h - f = 2 - 19, 3*h - f = 18. Let g be h + -1 + (6 - 9). Suppose 0 = g*u + m - 48, -5*u - m + 80 = -4*m. What are the prime factors of u?
2
Suppose 4*t - 28 = 2*a, 3*a - 22 = 3*t - 76. Let b be (-48)/a + 28/(-154). Suppose -5*v + b*s + 80 = -16, -5*s = -v + 10. List the prime factors of v.
2, 5
Let s = 40 - 12. What are the prime factors of s?
2, 7
Suppose 59*v = 73*v - 29512. What are the prime factors of v?
2, 17, 31
Let o(k) = 10*k - 3. Let f(p) = 10*p - 2. Let g(r) = -4*f(r) + 5*o(r). Suppose 10*w = -11 + 71. What are the prime factors of g(w)?
53
Let v be 0*4/16 - -3. Suppose 4*p = a + 135, a + 64 = 2*p - v*a. What are the prime factors of p?
2, 17
Let b = 225 - 222. Suppose 5*m + 112 - 32 = 0. What are the prime factors of m/24 - (-74)/b?
2, 3
Let m be 0/(4/3*(-9)/(-12)). Suppose -4*a + 545 = 3*k, 2*k = a - m*k - 139. What are the prime factors of a?
137
Suppose 3*h + 310 = -h + y, 5*y = -10. What are the prime factors of (-70)/3*h/65?
2, 7
Let i = 17 - 10. Suppose 4*n - i = -19. What are the prime factors of 39 + n/(3/(-2))?
41
Let q be 10/8 - 39/(-52). Suppose -3*t = 5*m - 21, 3 = -t + m + q. What are the prime factors of t?
2
Suppose -5*c = -2*v + 3*v - 155, 4*v + c - 715 = 0. What are the prime factors of v?
2, 3, 5
Suppose -5*y - 355 = -2*y + v, 4*v = y + 114. Let d = 84 + y. Let b = -20 - d. What are the prime factors of b?
2, 7
Suppose -12*d + 15*d - 192 = 0. Let z = 12 + -5. Let y = d + z. List the prime factors of y.
71
Let l be (-8*6/(-4))/(-1*1). Let f(x) = -x**2 + x - 1. Let s(r) = -4*r**2 - 10*r + 2. Let j(o) = -3*f(o) + s(o). List the prime factors of j(l).
17
Let u(o) = -o**3 - 15*o**2 + 42*o - 31. What are the prime factors of u(-20)?
1129
Let g = -15 - -17. What are the prime factors of (-35)/g*16/(-8)?
5, 7
Let z = -222 + 417. What are the prime factors of z?
3, 5, 13
Let d(y) = y - 7. Let i be d(-6). Let l = i + 1. List the prime factors of 150/4 - l/(-8).
2, 3
Let k = 1600 + 303. What are the prime factors of k?
11, 173
What are the prime factors of (459/(-612))/(1/(-5240))?
2, 3, 5, 131
Suppose -4*s - 40 = -14*s. Suppose -4*c = -l + s*l - 44, 4*l - c - 27 = 0. Let k(w) = w**3 - 6*w**2 - 8*w + 13. List the prime factors of k(l).
7, 11
Suppose 0 = g, -4*w + 5*g - g = -20. Suppose -61 = -w*p - 1. Suppose 0 = 7*b - 4*b - p. What are the prime factors of b?
2
Suppose 0 = -2*z, -3*q + 5*z + 2 = -37. Let f = 17 + q. List the prime factors of f.
2, 3, 5
Let j(f) = -2*f**2 + f + 1. Let h(i) = 5*i**2 - 16*i - 1. Let o(q) = -h(q) - 2*j(q). Let l be (-1)/(-3 - -2) - -12. What are the prime factors of o(l)?
2, 3
Let v = 18 - -27. Suppose -4*i = 5*n - 55, -4*n - 2*i + v = n. What are the prime factors of n?
7
Let d = -2 - 53. Let j = 164 - 68. Let p = j + d. List the prime factors of p.
41
Let u(a) = a**3 - 5*a**2 + a + 7. Let l be u(5). Let d(i) = i + 6. Let j be d(-4). List the prime factors of -1*(j - l) - 3.
7
Suppose 0 = -5*r - 5*x + 6790, -61*x = -60*x - 1. List the prime factors of r.
23, 59
Suppose -4*k + 2*l = 606, 0 = 2*k + 4*l + 107 + 201. Let y = k - -334. List the prime factors of y.
2, 7, 13
Let d = -488 - -512. What are the prime factors of d?
2, 3
Let r(c) = -c**3 + 19*c**2 + 29*c - 18. What are the prime factors of r(11)?
3, 47
Let i = -242 - -539. What are the prime factors of i?
3, 11
Let r be (-90 - -2) + ((-5)/(-5) - 2). Let n = r - -247. What are the prime factors of n?
2, 79
Let w be -4*(-1 + 0 + 3). Let p(r) = 5 - r**2 - 27*r + 2 + 17*r. List the prime factors of p(w).
23
What are the prime factors of (-14)/(-4) - (-104545)/70?
3, 499
Suppose 7*z = 1295 + 91. List the prime factors of z.
2, 3, 11
Let j(z) = 18*z**3 - z**2 + 1. List the prime factors of j(2).
3, 47
Let t(k) = 4*k**2 + 2 - 4 - k**3 - 3 - 3*k + 3*k**2. List the prime factors of t(6).
13
Let l = 1556 + 1127. What are the prime factors of l?
2683
Suppose -16*v + 6 = -26. Suppose 2*x + 7 + 7 = 0. What are the prime factors of v/(-1) - (x - 69)?
2, 37
Let g(y) = -19*y + 16. Let b be g(-21). Suppose f + v + v - 74 = 0, -5*f + b = -5*v. What are the prime factors of f?
2, 5
Let x(o) = -o + 3. Let b(j) = j - 2. Let h(y) = 10*b(y) + 6*x(y). List the prime factors of h(1).
2
Let h be (-1 + 1)*(-8 - -9). Let q(x) = h*x + 5*x - 10 + 2 - x. List the prime factors of q(5).
2, 3
Suppose 3*m - 6824 = -0*m + s, m = -3*s + 2288. List the prime factors of m.
2, 569
Suppose 2*l = l + 935. Suppose -v - l = -4*y + 4*v, 5*v = -3*y + 710. List the prime factors of y.
5, 47
Suppose -38*z + 10908 + 18048 = 0. What are the prime factors of z?
2, 3, 127
Suppose 0 = 5*p - 0*p - 25. Suppose -p*f + 20 = -25. What are the prime factors of f?
3
Suppose 3*s = -5*u - 190, 2*u - 4*s - s = -107. Let t = 2 - u. What are the prime factors of t?
43
Let d = -2055 - -4208. What are the prime factors of d?
2153
Let c = 13 + -44. Let v(i) = -i**3 - 21*i**2 + i + 68. Let o be v(-21). Let j = o + c. List the prime factors of j.
2
Let g = 42 - 15. Let t = g - -7. What are the prime factors of t?
2, 17
Let v = -111 + 320. List the prime factors of v.
11, 19
Let m(h) = 13*h**2 - 19*h + 152. List the prime factors of m(10).
2, 631
Let f(w) = -w**2 + w + 6. Let x be f(-5). Let r = x - -14. Let m = 27 - r. List the prime factors of m.
37
Suppose 0 = -2*c + 4*k + 949 - 175, -2*k = c - 387. List the prime factors of c.
3, 43
Suppose 0 = -5*m - 5*f + 10660, 5*m - 4425 - 6249 = 2*f. List the prime factors of m.
2, 11, 97
Let s = -6 + 10. Suppose -t + 5 = -s. Let p(u) = 2*u - 4. List the prime factors of p(t).
2, 7
List the prime factors of (14 - 15)*(-1 + -446*6).
2677
Let s(d) = 2*d**3 - d**3 + 8*d + d**2 + 170 - 9*d. List the prime factors of s(0).
2, 5, 17
Let v = -386 + 3272. What are the prime factors of v?
2, 3, 13, 37
Suppose -3*m + 162 = 4*x - 2646, -2811 = -3*m - 5*x. List the prime factors of m.
2, 233
Suppose -29*r = -36*r + 1316. What are the prime factors of r?
2, 47
Suppose -292 = -3*s - 2*j + 234, 4*s - 3*j - 673 = 0. Suppose 4*p - s = 56. What are the prime factors of p?
3, 19
Let g be (-9)/(-2) + (-3)/(-6). Suppose -g*b = -9*b + 200. List the prime factors of b.
2, 5
Suppose -4*j + 5048 = -2124. What are the prime factors of j?
11, 163
Let h = -557 - -385. What are the prime factors of 1*(-4 + (1 - h))?
13
Suppose -l + 5*r + 912 = 0, 8*l + 12*r = 7*l + 946. What are the prime factors of l?
2, 461
Suppose -8*z + 4664 + 3032 = 0. What are the prime factors of z?
2, 13, 37
Suppose -19*o + 16*o + 5*q = -395, 0 = 4*o - q - 555. Suppose -2*g - 1 = -5. Suppose z + g*z = 3*d - 234, -2*d + o = 2*z. What are the prime factors of d?
2, 37
Let t = 132 + -94. Suppose 3*w + t = 113. Let g = w + -19. List the prime factors of g.
2, 3
Let p(x) = -1. Suppose -2*j = -0*d + 5*d - 20, 8 = 3*d + 2*j. Let n(i) = -6*i - 3. Let c(w) = d*p(w) + n(w). What are the prime factors of c(-15)?
3
Let n = -783 + 1983. List the prime factors of n.
2, 3, 5
What are the prime factors of 712/2 + (-6)/(3 - 5)?
359
Suppose -23*r + 5*r = -4932. List the prime factors of r.
2, 137
Let x = 40 + -7. List the prime factors of -3*-2*x/18.
11
Let z = -4 + 35. Suppose 5*c - z = 254. What are the prime factors of c?
3, 19
Suppose -4*p + 94 = -110. Suppose -2*i = b - 57, -2*i - 2*b - b = -p. What are the prime factors of i?
2, 3, 5
Suppose 0 = -4*m + 5*z + 110, -m - z + 152 = 4*m. Suppose 0 = 3*g + m - 210. What are the prime factors of g?
2, 3, 5
Let p be (16 + -1)/3 - 1. Suppose 0 = u + 2*u + 2*w + p, 5*w = 2*u - 29. What are the prime factors of -1*44/(-6 + u)?
11
Let a(f) = 31*f**2 + 16*f + 87. What are the prime factors of a(-6)?
3, 41
Let c(z) = z**3 - 7*z**2 - 8*z + 3. Let r be (1/(-2))/(1/(-6)). Suppose -5*y - r = -43. List the prime factors of c(y).
3
Let x = -585 + 899. List the prime factors of x.
2, 157
Let w be (-1)/(5 + -4)*-5. Suppose 4*x + z = 19 + 6, 2*x - z = w. Let g(o) = 3*o**2 - 9*o - 7. What are the prime factors of g(x)?
23
Let t(y) be the third derivative of y**5/60 - y**4/4 - 11*y**3/3 - 6*y**2. What are the prime factors of t(-10)?
2, 3, 23
Let m(g) = g**3 + 34*g**2 - 80*g - 56. What are the prime factors of m(-31)?
3, 29, 61
Let t(o) = 20*o**2 - 6*o + 2. Let n be t(5). Let h = n + -335. What are the prime factors of h?
137
Let u(v) = -8*v - v + 0*v + v - 1. List the prime factors 